is the tens digit of t?
3
Let s = -242 - -345. What is the hundreds digit of s?
1
Let z be (12 + -13)/(2/(-8)). Let p(s) = -s - 6. Let m be p(-4). Let t = z + m. What is the units digit of t?
2
Let w(n) be the second derivative of -n**5/20 - 11*n**4/12 - n**3/6 + 3*n**2/2 + n. What is the units digit of w(-11)?
4
Let m(f) be the second derivative of -f**5/60 + f**4/6 + f**3/6 - 3*f**2/2 - 3*f. Let l(b) be the first derivative of m(b). What is the units digit of l(4)?
1
Let l(h) be the second derivative of h**4/12 - 4*h**3/3 + 4*h**2 - h. What is the units digit of l(9)?
7
Suppose -38 = -5*p + 4*o - 3, 2*p + 9 = -3*o. Suppose v - 69 = 5*d, 5*d + 139 = p*v - 18. What is the units digit of v?
4
Suppose 5*k - 2 + 108 = a, -3*k = 4*a - 470. What is the units digit of a?
6
Let g = 8 + 4. Let p be (g/2)/(-2 - 0). Let h = 6 - p. What is the units digit of h?
9
Let b(k) = k**3 - 6*k**2 + k + 7. Let q(s) = -s**3 + s**2. Let r(p) = b(p) + 2*q(p). What is the units digit of r(-5)?
7
Suppose 0 = 2*b - 2*g - 20, -g + 5 = -3*b + 25. Suppose -4*c - 48 = -0*w - b*w, -3*c = -2*w + 36. Let s = -6 - c. What is the units digit of s?
6
Let q(w) = -w**3 - 8*w**2 + 6*w - 10. What is the units digit of q(-9)?
7
Let j be (-9*1)/(2 - 3). Let o(x) = x - 6*x + x**2 - 4*x + 4. What is the units digit of o(j)?
4
Suppose -200 = 9*z - 5*z. Let h = z - -78. What is the units digit of h?
8
Let c(i) = -4*i**3 + 5*i**2 + 9*i + 4. What is the units digit of c(-4)?
4
Let d = -6 + 10. What is the units digit of d?
4
Let z = 66 - 5. Suppose -14 - z = -3*t. What is the units digit of t?
5
What is the units digit of ((-21)/63)/((-2)/1494)?
9
Let b(q) = 2*q**2 - 3*q - 6. What is the tens digit of b(6)?
4
Suppose 118 = 12*m - 194. What is the units digit of m?
6
Let k(p) = p**2 - 3*p + 13. What is the tens digit of k(0)?
1
Let x be 46/14 - (-6)/(-21). Suppose -2*l + q = -x*l, 0 = 4*l - 2*q - 18. Suppose 0 = l*j - z - 11, -5*j + 15 = -3*z - 6. What is the units digit of j?
3
What is the units digit of 164/12 - 4/6?
3
What is the units digit of 6/(-14) + 11024/112?
8
Let o(i) = -3*i - 12. What is the tens digit of o(-14)?
3
Let i be (1 - 0)/(2/24). Suppose -5*o = 2*a - 98, 1 = 3*a - 11. Let b = o - i. What is the units digit of b?
6
Suppose 368 = 2*d + 2*l - l, 4*d = -5*l + 730. What is the units digit of d?
5
Suppose -20 + 101 = 9*r. What is the units digit of r?
9
Let p(d) = -d - 17. Let t be p(-15). What is the units digit of (-21)/2*(-4 - t)?
1
Let m be ((-6)/5)/(12/(-30)). Suppose -1 + 16 = m*t. Suppose 3*l + g = t, 5*l + 2*g - 13 = -2*g. What is the units digit of l?
1
Let l be (-1)/2 + (-10)/(-4). Let d be (5/(-5))/((-2)/2). Let t = l + d. What is the units digit of t?
3
Let l(h) = 12*h + 28. What is the units digit of l(4)?
6
Let g be ((-10)/4)/((-1)/(-4)). Let a(f) = f**3 + 11*f**2 + 10*f + 11. What is the tens digit of a(g)?
1
Let y(c) be the first derivative of -c + c**2 + 2 + 2/3*c**3. What is the units digit of y(1)?
3
Let h be 6/7 - 3/(-21). Suppose -2*z + 4*f + 8 = -8, f + 4 = -5*z. Suppose h + z = c. What is the units digit of c?
1
Let c be (-6 - -4)*-1*1. Suppose -c*l = -4*l + 2. What is the units digit of l?
1
Suppose 6*k - k = 10. Let o(x) = 3*x**2 + 2. What is the tens digit of o(k)?
1
Suppose 2*r - 2*z - 10 = 12, 0 = r - 3*z - 21. Let m(k) = 19*k**2 - 2*k + 1. Let w be m(1). Let b = w - r. What is the units digit of b?
2
Let x(z) = -z**2. Let j be x(0). Suppose j = 4*m + m + 40. What is the units digit of (1 - 9)/(m/4)?
4
Suppose 0 = -a + 3. Suppose a*g - 56 = 13. What is the tens digit of g?
2
Suppose 0 = -5*v + v + 44. Let b(p) = p + 14. What is the tens digit of b(v)?
2
Let g = -3 - -5. Let y be (-5 + 5)/(2/g). What is the units digit of 1 - (y - 2) - 2?
1
Suppose 2*i - f - 77 = 0, f - 158 = -4*i - f. What is the tens digit of i?
3
Let b(r) = -r + 6. Let p be b(7). What is the units digit of ((-9)/6)/(p/6)?
9
What is the units digit of (2/12)/1 - (-2597)/42?
2
Let x(z) = -z + 12. Let n be x(7). Suppose 5*d = 3*r + r - 124, n*d - 32 = -2*r. What is the units digit of r?
6
Suppose -3*a + 209 + 127 = 0. What is the tens digit of a?
1
Let t be 31 + (1 + 0)/1. Let h = t - 23. Let q(l) = l**2 - 8*l - 7. What is the units digit of q(h)?
2
Let z(r) = r**3 + 11*r**2 - 13*r - 14. What is the hundreds digit of z(-11)?
1
Suppose -q + 32 = q. Let w = 34 - q. Let x = 26 - w. What is the units digit of x?
8
Suppose q = 5*o - 101, 2*q + 0 = -2. What is the tens digit of o?
2
Suppose -2*b + 4*m - 18 = 0, -5*b + 2*b = 2*m - 5. What is the units digit of (13/(-39))/(b/99)?
3
Let c = 4 + -10. Let l = 9 + c. What is the units digit of l?
3
Let j(t) = -t**3 + 6*t**2 - 5*t - 4. Let a = -10 + 15. Let z be j(a). What is the units digit of 1 - (1 - -1) - z?
3
Let b(x) = 34*x + 1. Let j be b(1). Let d = 51 - j. What is the tens digit of d?
1
Suppose 2*y + y = 360. Suppose 4*p + 3*u = y, -u + 8 + 23 = p. Suppose -4*v + p = -9. What is the units digit of v?
9
Let a be (-10)/(-4)*(-2)/(-1). Let l be (2/a)/(1/35). Suppose 0*v - 2*v + l = 0. What is the units digit of v?
7
What is the units digit of (-4 - -3)/((-1)/40)?
0
Suppose 4*a - 573 = a. What is the hundreds digit of a?
1
Suppose 2*k = 139 + 23. What is the tens digit of k?
8
Let g be 0/(3 + -1 + 1). Suppose 2*n + 3*w - 5 - 7 = 0, 5*w - 10 = g. Suppose -n*i = -2*u + 13, -19 = -3*u + 4*i + i. What is the units digit of u?
8
Let u be (-12)/2 - (-16)/(-8). What is the tens digit of 3 + 4/(u/(-34))?
2
Let j = 13 + -8. Suppose j*d - 22 = 23. What is the units digit of d?
9
Suppose 2 = -2*l - 0. Let t be -4 + 7 + 3*l. Suppose 18 + t = 2*u. What is the units digit of u?
9
Let s(d) = d + 261. What is the hundreds digit of s(0)?
2
Let p = -47 - -92. Suppose x + 0*x - p = 0. Suppose 0*z = 5*z - x. What is the units digit of z?
9
Let m(h) = -38*h - 4. Let q be m(-2). Let s = q - 40. What is the tens digit of s?
3
Suppose 18*f = 14*f + 88. What is the units digit of f?
2
Let z(u) = 3*u - 16. Let r(k) = -k + 11. Let l be r(8). Suppose -10 = -l*j + 23. What is the tens digit of z(j)?
1
Suppose -5*w = -5*t + t + 374, 0 = -t + 4*w + 99. What is the units digit of t?
1
Suppose -k - 3*n = -2, 0 = -4*k + 4*n - 2 - 38. Let r = k - -11. What is the units digit of r?
4
What is the units digit of 2 + 51 - -1 - -2?
6
What is the units digit of ((-8)/(-36)*-3)/((-6)/1017)?
3
Let y = -34 + 36. Let t(m) = -m**3 - 6*m**2 - 5*m + 4. Let v be t(-5). Suppose v*n - 22 = y*n. What is the units digit of n?
1
Suppose -2*i + 8 + 12 = 0. Let q = i - 8. Suppose -5*r + 5*v = -65, 4*r + 0*r - q*v - 44 = 0. What is the units digit of r?
9
Let n = -44 - -31. Suppose -s + 8 = 3*h, -2*h + 27 = -s + 2*h. Let t = s - n. What is the units digit of t?
6
Suppose -9*n = -35 - 46. What is the units digit of n?
9
Suppose -3*q + 266 = 2*i - 27, 4*q + 3*i - 391 = 0. What is the tens digit of q?
9
Suppose -o + 8 = -2. Suppose 0*j + 1 = x - j, -j = 3*x - 11. Suppose x - o = -a. What is the units digit of a?
7
Suppose 5*l + y = 22, -6 = l + 3*y - 8*y. Suppose 0 = -2*g - 8, -l*n + 0*g - 2*g = 0. Suppose 4*u - 15 - 4 = -5*r, 2*r - 4*u = n. What is the units digit of r?
3
Suppose 0 = -2*z - 3*z - 2*b + 236, 4*z + b = 190. What is the tens digit of z?
4
Let s(c) = 4*c**3 - 2*c - 2. What is the hundreds digit of s(4)?
2
Suppose 8 = 5*g - 47. What is the units digit of g?
1
Let d(v) = 9*v + 43. What is the tens digit of d(26)?
7
What is the units digit of (16/12)/(6/27)?
6
Let j be ((-12)/3)/2 + 6. Suppose j*x - 1 = 3*x. What is the units digit of x?
1
Suppose 3*l + 19 = 214. What is the units digit of l?
5
What is the tens digit of (11 - -109) + (3 - 0)?
2
Let q(h) = h**3 - 3*h**2 - 2*h - 3. Let t be q(4). Let s be (-3)/(-15) + 119/t. What is the units digit of 7*(s/14)/2?
6
Suppose 2*t = 3*t - 15. Let g be -2*2/4 + 0. Let x = t + g. What is the units digit of x?
4
Let o(h) = -2*h - 5. Let x be o(-4). Suppose -x*s = 2*s - 15. What is the units digit of s?
3
Let a = 4 - 4. Let p = 1 + 4. What is the units digit of -2*(a - 1)*p?
0
Let y = -13 + 7. What is the tens digit of 1/3 + (-64)/y?
1
Let d be ((-26)/(-65))/(2/100). Suppose 4*c - 3 = 5. Suppose c*r - q = 12, -r + d = 2*q + q. What is the units digit of r?
8
Let y(q) = -14*q**3 + q**2 + 2*q + 1. Let u be -3 - (-1 + 15/(-3)). Let n be 0 - (-2)/1